). Suppose -5*r = 4*m - 18, -2*r + n*m + 18 = -2*m. Determine l(r).
4
Let c(h) = -4*h + 103. Let b be c(24). Let q(f) = f + 1. Give q(b).
8
Suppose a + 51 + 305 = 3*v, -4*a = -3*v + 371. Let n be 6/(-8) - v/52. Let l(i) = -i + 3. What is l(n)?
6
Let b(f) = -6427*f - 15 + f**2 + 6426*f - 5. Give b(0).
-20
Let x = 24 - 17. Suppose x*u + 8 = 5*u. Let r(q) = 2*q - q + 7 - 1. Determine r(u).
2
Let h(w) = 2 - 8*w - 1 - w**2 - 3 + 7. Suppose -5*j = -2*d + 34, j - 2 - 2 = 4*d. Determine h(j).
5
Suppose 0 = -9*o + 16 + 11. Let d(f) = 3*f - 3. Give d(o).
6
Let c(x) = -165*x**2 + 57*x**2 + 12 + 54*x**2 - 8*x + 55*x**2. Determine c(8).
12
Let w be 129*1/(-6)*-2. Suppose -3*c = -5*p + w - 14, 2*c = 5*p - 26. Let a(m) = -m**3 - 5*m**2 - 3*m + 3. What is a(c)?
-6
Let s be 13/624*16*(-42)/(-1). Let y(i) = -i**2 + 13*i + 2. Calculate y(s).
-12
Let s(h) = -4*h + 37. Let d(x) = 4*x - 45. Let z(n) = -6*d(n) - 7*s(n). Calculate z(-6).
-13
Let s(j) be the third derivative of -j**5/60 - 7*j**4/24 - 7*j**3/6 - j**2. Let h be (20/(-15))/(((-2)/2)/60). Let w = h - 85. Calculate s(w).
3
Let m(g) = -3*g**3 - 9*g**2 - 3*g - 10. Let k(j) = 16*j**3 + 46*j**2 + 15*j + 51. Let b(z) = 2*k(z) + 11*m(z). Suppose 17 = -6*v - 25. What is b(v)?
13
Let w(u) = -2*u**3 - 4*u**2 - 5*u - 3. Let p be w(-2). Let g(f) = f**2 + 4*f - 10. Let j(v) = -2*v**2 - 7*v + 19. Let r(z) = p*g(z) + 4*j(z). What is r(0)?
6
Let d(x) = -2*x**2 - 30*x - 3 + 13*x + 16*x. Let k(s) = -s**2 - 2*s - 4. Let f(m) = -2*d(m) + 3*k(m). What is f(5)?
-1
Let n(l) = -2*l + 1. Let x(c) = 3*c - 2. Let b(j) = -8*n(j) - 5*x(j). Give b(13).
15
Let d(b) = -2*b**2 - b - 10. Let o be (12/14)/(326/(-1141)). Calculate d(o).
-25
Let o(s) = 5*s + 4. Let m(j) = -j - 31. Let y be m(-23). Give o(y).
-36
Let v(r) be the third derivative of r**4/8 + 4*r**3/3 - 11*r**2 - 13*r. Calculate v(-4).
-4
Suppose -12 = 10*a - 7*a. Let h(l) be the first derivative of -l**2/2 + 2*l - 66. Determine h(a).
6
Let b(j) = -22*j**3 - j**2 + 3*j - 2. Let f = 26 + -25. Let o be b(f). Let y = o + 27. Let g(s) = s**3 - 5*s**2 - 7. Give g(y).
-7
Suppose 3*d = -4*m - 0*m + 42, 84 = 5*d + 2*m. Let q(b) = -2*b - 19. Let s be q(-10). Let k(j) = j**2 + 5*j + 11*j + s - d*j. Give k(4).
9
Let i(w) = w - 7. Let h be (20/16)/(2/(-16)). Let z be (38/h)/(2/(-10)). Suppose -z = -3*y + d, d + 7 = -4*y + 23. Calculate i(y).
-2
Let q(p) = p**3 - 8*p**2 - 2*p + 8. Let y be 28/(-21) - 28/(-6)*2. Determine q(y).
-8
Suppose 0 = -y + 2*a + 9, 0 = -5*y + a - 0*a + 18. Let r(w) be the first derivative of -w**4/2 + w**3 + w**2 + w - 552. What is r(y)?
-20
Let u(k) be the first derivative of -k**3/3 - 2*k**2 + 16*k + 139. Let o be ((-21)/(-6))/((-2)/4). Let n be u(o). Let p(a) = -a - 1. What is p(n)?
4
Let b(s) = -5*s - 1. Suppose 35 = 3*y + 29. Suppose y*f = -6*f + 8. Calculate b(f).
-6
Let n(o) = -2*o**2 - 19*o + 3. Let k(s) = s**2 + 9*s - 1. Let b(r) = 5*k(r) + 2*n(r). Let a = 7 + -14. Determine b(a).
1
Let n(t) be the third derivative of -t**6/120 - 2*t**5/15 + 11*t**4/24 + 11*t**3/6 - 2*t**2 + 3. What is n(-9)?
-7
Let j(m) be the first derivative of -8*m**3/3 + m**2/2 - m + 89. Give j(1).
-8
Let l(s) = s**3 + 6*s**2 + 4*s - 1. Let j be (10/(-1))/((-11)/((-33)/6)). Determine l(j).
4
Let r(i) = i**3 + 12*i**2 + 11*i + 15. Let k(x) = 20*x - 191. Let s be k(9). Give r(s).
15
Let s(c) = -8*c - 4. Let b(d) = -4*d. Let x be b(1). Let v(h) = -7*h - 3. Let t(w) = x*v(w) + 3*s(w). What is t(-3)?
-12
Let s(h) = h**2 + h + 3. Let z(x) = 3*x**2 + 14*x + 44. Let k(b) = -2*s(b) + z(b). Determine k(-6).
2
Let i be -8*(-1)/(-2) - 1. Let q be 6/10*(-25)/i. Let l(a) be the third derivative of -5*a**4/24 + a**3/2 - 2*a**2. Determine l(q).
-12
Let q(s) = -5 + 5 + s. Let t(j) = j**2 + 7*j + 4. Let v(u) = -3*q(u) + t(u). Suppose 2*p = -5 - 1. Give v(p).
1
Let a(i) = 2*i + 4 + 0 - 3*i - 5. Let q(w) = 9*w + 2. Let p(c) = -a(c) - q(c). Calculate p(2).
-17
Let n(a) = 2. Let o(q) = -3*q + 21. Let c(b) = 6*n(b) + o(b). Determine c(14).
-9
Let k = -33 + 24. Let q be (12/k)/(1/3). Let a(z) = 2*z + 3*z + 1 - 5 + z**3 - z**2 + 6*z**2. What is a(q)?
-8
Let p(f) = -13*f**3 + f**2 - f. Let h(i) = 2*i + 5. Let k be h(0). Let t be (-15)/k*1 - -4. Calculate p(t).
-13
Let m = -67 + 56. Let p(i) = -i**3 + 3*i**2 + 5*i + 2. Let x(l) = 5*l**3 - 16*l**2 - 26*l - 11. Let a(q) = m*p(q) - 2*x(q). Calculate a(3).
9
Suppose 2040*f = 2041*f - 4. Let t(y) = 4*y**2 + 6*y - y**3 + 3 - 3*y - 4. Determine t(f).
11
Let z(k) be the second derivative of 0 + 3*k - 1/3*k**3 + 0*k**2. Calculate z(-5).
10
Let b(f) = -f**3 + 5*f**2 + 5*f + 3. Let z(w) = -w - 6. Let l be z(-12). Determine b(l).
-3
Let n(f) = f**2 - 4*f + 3. Let t be (225/(-5))/(-5)*(3 + 2). Let m = t + -42. Give n(m).
0
Let f(y) = 2*y**3 - 2*y**2 - 2*y + 2. Let s = -38 + 29. Let n be (-1 - s/3)/(3 - 2). Give f(n).
6
Let p be 1*(-147)/(-28) + (-6)/(-8). Let n(o) = -o**2 + 5*o + 7. What is n(p)?
1
Let x(d) be the first derivative of -d**2/2 - d - 3. Let l(c) be the third derivative of c**6/120 - c**5/10 - 7*c**4/24 - 14*c**2. Let o be l(7). Give x(o).
-1
Let q(v) = -v**2 + 7*v + 7. Let o(g) = g**2 - 4*g - 4. Suppose 3*r = 2*w - 1, 0 = 5*w + 2*r + 3 + 4. Let d = 8 + w. Let t(n) = d*o(n) + 4*q(n). Give t(1).
3
Let s(q) = 5*q**2 + q - 1. Let a be s(-1). Let z(f) = -a - 4 + 4*f - 2*f. Calculate z(6).
5
Let r(x) = x**2 + x - 4. Suppose 2*v - 3*i = 13, 0 = 3*v - 2*i - 6 - 1. Let g(p) = 47*p**2 - 2*p + 5*p + 2 - 46*p**2. Let l be g(v). Determine r(l).
-4
Let g(b) = 3*b + 3. Let v = 967 + -971. Calculate g(v).
-9
Let i(t) = 77*t**3 + 4*t**2 - 36*t**3 - 5*t + 1 - 40*t**3. Suppose 2*d = 6*q - 2*q - 16, 0 = 3*d + 4*q + 4. Calculate i(d).
21
Suppose 4*a + 3 - 25 = 5*x, 2 = 4*a + 5*x. Let g(r) = r**3 - 3*r - 3. Calculate g(a).
15
Let i(c) = -5*c**2 - 12*c + 2. Let j(a) = -11*a**2 - 24*a + 5. Let g(t) = -13*i(t) + 6*j(t). Calculate g(12).
4
Let n(g) = -g**3 + g - 4. Let q be n(0). Let v(p) = -p**2 + 16*p + 3. Let y be v(16). Let z(u) = 1 + u + 3*u**2 + u**2 + 2*u - 2*u**y + 3*u**3. Give z(q).
-11
Let r = -1697 - -1712. Let c(f) = 4*f - 58. Determine c(r).
2
Let t(s) = s**3 + 4*s**2 - 7*s - 5. Let f be t(-5). Suppose f = 4*c - 15. Let a(l) = 0*l**2 + 3*l + 2*l**3 - 4*l**2 - l**3 - 2*l + 5 - 6*l. Give a(c).
5
Let s(p) = -p**2 + 2 + 2 - p**3 - 3 + p. Let m(v) = -v**3 - 10*v**2 - 8*v + 9. Let z be m(-9). Suppose 5*n + 0*u = -2*u - 8, -n + 2*u + 8 = z. What is s(n)?
1
Let y(h) be the third derivative of h**4/12 + 5*h**3/6 + 52*h**2 + 3. Let x be (0 + 1)/((-3)/15). What is y(x)?
-5
Let f = 185 + -197. Let v(t) = -t - 8. Calculate v(f).
4
Let l(b) = -2*b. Let d = -6 + 11. Suppose 0 = -d*r + 11 - 1. What is l(r)?
-4
Let n(z) be the third derivative of 0 - 14*z**2 + 1/2*z**3 - 1/8*z**4 + 1/15*z**5 - 1/120*z**6 + 0*z. Determine n(3).
3
Let w = -11 - -18. Let l(b) = -2*b**2 - 2*b + 2. Let c(u) = u**2 + 2*u - 1. Let v(i) = -7*c(i) - 4*l(i). What is v(w)?
6
Let n(g) be the third derivative of -g**4/8 + 7*g**3/6 - 54*g**2. Let r(x) = -2*x + 19. Let d be r(6). What is n(d)?
-14
Let h(l) be the first derivative of l**4 + 1/3*l**3 - l - 1/2*l**2 - 16. Determine h(-1).
-3
Let l(c) = -c**2 + c + 1. Let j(v) = 4*v**2 - 2*v - 10. Let h(y) = j(y) + 3*l(y). What is h(3)?
5
Suppose -74 + 23 = -3*o. Suppose 0 = -10*g + 13 + o. Let w(c) = c**3 - 4*c**2 + c. Determine w(g).
-6
Let q(u) = -3*u - 19. Let i(j) = j**2 - 17*j + 16. Let f be i(16). Suppose 0*h + h + 6 = f. Let r be q(h). Let c(l) = -6*l - 1. Determine c(r).
5
Let d(s) be the first derivative of -3*s**2/2 + 2*s - 22. What is d(2)?
-4
Let r(x) = -9*x - 2. Let g(i) = -4 + 17 - 1 - 9 + 13*i. Let q(b) = 5*g(b) + 7*r(b). Give q(-4).
-7
Let j(p) = 2*p + 4. Let s = -188 + 183. Calculate j(s).
-6
Suppose -45*p = -19*p + 156. Let y(h) = 2*h + 16. What is y(p)?
4
Let m(a) = -16*a**3 - 5*a**2 + a - 3. Let t = 32 - 37. Let d(u) = -8*u**3 - 3*u**2 + u - 2. Let j be ((-6)/(-8))/(1/4). Let q(h) = j*m(h) + t*d(h). Give q(1).
-9
Let o(u) = u**3 - 5*u**2 + 6*u + 2. Let g = 224 + -219. Give o(g).
32
Let w(k) = -3*k. Let n be -4 + (-2)/(2/(-18)*-6). Determine w(n).
21
Suppose 371*d - 355*d - 16 = 0. Let a(j) = 36*j**2 + j - 1. Give a(d).
36
Let a(s) = 15 + 16 + 3*s**2 - 35 - s + s**3. Give a(-3).
-1
Let f(m) = -12*m - 69. Let t be f(-6). Let g(a) = 2*a**3 - 4*a + 3*a + 